te (5 + 0 - (-1 + 3)) + 0.
3
What is 0 + (-5 - 4) - -4?
-5
-1 + 8 - (-110 + 116)
1
What is the value of 5 + (0 - 4) + (38 - 42)?
-3
What is -7 + 0 + 7 - 3?
-3
What is the value of 8 + (9 - 15) - (1 - 9)?
10
What is the value of 16 + -15 + (15 - 10)?
6
6 + (-6 + -1 - 5)
-6
16 - 12 - (6 - -2)
-4
Evaluate -6 - -2 - ((-3 - 15) + 6).
8
-3 - (6 - 14) - 1
4
What is -1 + -6 + 10 - (-1 + 8)?
-4
Calculate -8 - (-5 + 6 + -9 + 4).
-4
What is the value of 6 + (-21 + 6 - -5)?
-4
(-2 - -1) + 0 + -4
-5
0 + (-1 - 1) + 17 + -14
1
-8 + (-9 - (-6 - 10))
-1
Evaluate -6 + 5 + 3 + (1 - 6).
-3
Evaluate 1 + -2 - 2 - (-4 + 1).
0
(-8 + 6 - 1) + 2 + 2
1
Evaluate (9 - 5 - (6 + -1)) + -3.
-4
Calculate (-68 - -68) + (0 - 0).
0
-4 + 2 + -7 + 4 + 3
-2
What is 3 - 5 - (3 + -4)?
-1
Calculate -2 + 7 + -3 - 0.
2
Calculate (-1 - -6) + (-4 + 3 - -1).
5
-2 - 4 - (5 - (5 + 1))
-5
What is 0 - -2 - (2 + 8 - 12)?
4
Calculate -1 + -2 + 0 - (-5 + 2).
0
What is 1 - 3 - (-11 - -7)?
2
What is (7 + 3 - 3) + -17 + 11?
1
Calculate (2 - 12) + 4 + (1 - -1).
-4
Calculate -4 + 12 + 2 + -5.
5
Calculate -25 + 27 - (1 + 5).
-4
2 - (-1 - (-5 + 6 - 1))
3
7 + (-2 - (10 - 4))
-1
What is (3 - (2 + 0)) + -1?
0
What is the value of -2 + (-6 - -4) + (-2 - -8)?
2
Evaluate (-4 - -2 - -1) + -1 + 1.
-1
-28 + 27 - (0 - 1)
0
(-41 - -46) + 1 + -7
-1
What is the value of 7 - 15 - (13 + -30)?
9
What is the value of (22 + -10 - 10) + 1 + -5?
-2
Evaluate 10 + -5 + -2 + 5.
8
Evaluate -15 - -3 - -14 - (-1 - 3).
6
What is the value of (-1 + -3 + 0 - -4) + -1?
-1
Evaluate (1 - 5) + -13 + 21.
4
Calculate -4 + 0 + 14 + -13.
-3
Evaluate 1 + 2 + (-16 - -15).
2
Calculate 1 - ((-15 - -12) + (0 - -4)).
0
What is -1 + -1 - (6 + -15 + 11)?
-4
What is the value of -7 + (0 - -12) + -5 + 6?
6
What is the value of 1 + -10 + (61 - 46)?
6
What is 0 + -5 + (7 - 2)?
0
1 + -5 - (-10 - -8)
-2
What is 10 - 8 - (1 - -1)?
0
What is -3 + -3 + 0 + (-2 - 0)?
-8
Evaluate 4 + (-5 - (-6 - 5)).
10
-4 + (4 + -4 + 7 - 3)
0
What is the value of 6 - (2 - (-1 - 5))?
-2
Evaluate 9 - (-5 - (13 + -22)).
5
Calculate 12 + (-1 - 4) + -2 - 12.
-7
-5 + 4 - 3 - (2 - 3)
-3
What is the value of -2 + 13 - (6 - 0)?
5
What is the value of -5 - (2 - 1) - -4?
-2
Calculate 3 + 0 + -2 + -1.
0
Calculate -2 - (2 - 6 - 0).
2
Calculate 2 + (-3 - (-4 + 3)).
0
Calculate 3 - (-2 - -11 - 5).
-1
3 - (-4 + 6 - -5)
-4
What is (-6 - 1 - -10) + -4?
-1
Evaluate 11 + (10 - (4 + 12)).
5
Evaluate 1 + 8 + -7 - (-1 - -5).
-2
What is 9 - (1 - (1 + (-7 - -7)))?
9
Evaluate (1 + -4 - -3) + 0.
0
1 - (3 + -3) - -2
3
What is -58 + 58 - (5 + 2)?
-7
What is the value of (-7 + 9 - 1) + -4?
-3
Calculate 1 + -4 + -1 + 3.
-1
-15 + 38 + -17 - (1 - -8)
-3
Calculate 2 - (-4 - -3) - -1.
4
What is the value of 4 + (2 - (2 - -2)) + -2?
0
What is 5 + -2 + 4 + -1?
6
Calculate 5 + (-10 + 0 - (37 - 39)).
-3
3 - 6 - (1 - 5)
1
What is -3 - (-3 + 7 + -4)?
-3
What is the value of (-12 - (-1 - 10)) + 3 + 0?
2
What is 5 - 3 - (2 + -3 + 4)?
-1
Calculate 6 - (8 - (7 - 0)).
5
Evaluate 1 - (-3 + 2 - 0).
2
Calculate -1 + -13 + 29 - 14.
1
-10 + 6 + -1 + -1 - -6
0
(-3 - (2 + -4 - -2)) + -1
-4
What is the value of 5 - ((-2 + 1 - 4) + 6)?
4
Calculate (-7 - (-5 - -2) - -2) + -2.
-4
2 - (-2 - (1 + 0 - 4))
1
What is the value of -1 + 2 + (5 - 8) - 2?
-4
What is the value of -1 - -1 - (-3 + 11 - 3)?
-5
What is the value of 1 - (3 + 1 + -3 + -4)?
4
(-2 - -4) + (4 - 8) + 7
5
Calculate (-8 - -3) + 2 + 5 + -1.
1
12 + (-8 - -2) + 0
6
-5 - 3 - (-1 + -3)
-4
Evaluate (0 - -5) + 9 + -28 + 16.
2
Evaluate -3 + 4 + 5 + -8 + 3.
1
-14 - (-15 + (1 - -4))
-4
(-5 - (3 - 8)) + (2 - -1)
3
-29 + 19 + (7 - -2)
-1
1 - ((3 - 6) + 10 + -1)
-5
What is the value of (-3 - 2) + -3 - -9?
1
-92 + 94 + (1 - -1)
4
0 + -1 + 4 - 11 - -3
-5
What is -2 + -1 + (-1 - -4)?
0
Calculate 0 + 0 + (-3 - (2 + -10)).
5
Calculate ((2 - 5) + -1 - -9) + -6.
-1
Calculate -7 + 5 + 0 + -3.
-5
0 - -6 - (-4 - -6 - -3)
1
1 + 7 - (8 - 7)
7
What is -4 + 1 - (-1 + 1) - 1?
-4
6 + (9 - 9) + -7
-1
What is the value of 2 - 1 - (3 - -2) - -8?
4
Evaluate -5 + 2 + (-4 - -2) + 1.
-4
What is 0 - ((5 - 7) + -5)?
7
What is -3 + (-11 - -11) - (-1 - -1)?
-3
Evaluate (-2 - -6) + 5 - 8.
1
What is the value of -7 + (3 - 5 - -5)?
-4
What is (-1 - -10) + (5 - 9)?
5
Calculate (1 - 3 - 0) + 1 + 6.
5
Calculate -13 - -12 - 6 - -17.
10
What is the value of -1 + 1 + 3 + -7?
-4
Calculate 2 - -3 - (4 + 6).
-5
Calculate (1 - -3) + -4 + 7 - 4.
3
What is -8 + 5 + -7 + 5 + -1?
-6
What is the value of 1 + (2 - 4) - (4 - -2)?
-7
What is 6 - 0 - -5 - 6?
5
14 - (5 + 10 + -9)
8
What is the value of -1 - (-5 - -7 - 6)?
3
Calculate 5 - (5 + -7) - 6 - -4.
5
What is -7 - ((-1 - -1) + -4)?
-3
Calculate 10 - (3 - -12) - -8.
3
What is the value of 5 - (0 - -7) - -2?
0
What is the value of 4 - (-2 + 3) - (6 - -1)?
-4
Evaluate (11 - 17) + 1 + 2.
-3
Evaluate 5 + -4 + 6 - 7.
0
What is -1 - (-3 + (7 - 5))?
0
Calculate 1 - (-2 + 1 + 2).
0
(-14 - (-4 - 1) - -4) + 2
-3
What is -5 + 2 - ((1 - 2) + -2)?
0
-4 - -2 - 0 - 3
-5
What is the value of -73 + 65 + 1 + 1 + -1?
-7
3 - (5 + -6 + 2 - -3)
-1
7 - ((26 - 29) + -1 + 8)
3
What is the value of (1 - 5) + 7 + -5 + 2?
0
What is the value of (-3 - -6) + -7 - -3?
-1
What is the value of 0 + (-2 - -1) + -6 + 0?
-7
Evaluate (10 - (20 + -8)) + (3 - 0).
1
Evaluate -4 + (-5 - -6) + 3 - -2.
2
What is the value of -2 - (5 + -3) - (1 - 1)?
-4
What is the value of 5 - ((1 - 5) + 8 + 1)?
0
What is -4 - (-8 - (2 - 0))?
6
0 + (9 - 12) + -4
-7
Evaluate -4 + -1 - (-5 + -1).
1
What is the value of (-3 - (1 - (-1 - -1))) + 6?
2
-6 + 6 - (-1 - 2)
3
Evaluate -3 + -2 - (3 + -1 + -2).
-5
(-4 + -4 + 9 - 2) + 1
0
Evaluate -7 + (-2 - (-2 + -6)).
-1
Evaluate 1 - -8 - (-7 + 19).
-3
4 - (-1 + 3) - (-10 + 7)
5
Calculate (-4 - -8 - 6) + -1.
-3
Calculate -4 + 2 + 0 + 5.
3
What is (9 - 1 - 4) + -2 + -9?
-7
Evaluate -3 + -2 + 1 + 8 + 0.
4
Evaluate 3 - 0 - (4 - 0).
-1
0 - ((1 - 0) + 12 + -12)
-1
Evaluate -2 + (-1 - -3) + 0.
0
Calculate (5 + -4 - 2) + -3 - -3.
-1
Evaluate 13 - 10 - (-2 + -2 + 1).
6
What is -5 - (-8 - -10) - -7?
0
What is 10 + -1 + 8 + -9?
8
Calculate 4 + -5 + -5 + 10.
4
What is the value of (-5 - -1) + 23 + -18?
1
What is the value of (-3 - -7) + (3 - 1 - 1)?
5
-7 + 8 + -9 - -2
-6
What is the value of (-5 - -2) + -3 + 7?
1
Calculate 0 - -1 - (5 - 0) - 0.
-4
Calculate -2 - (5 - 4) - (-1 + 2).
-4
Evaluate 5 + -11 + 6 + 0.
0
-6 + (-1 - 0) + 3 + 2
-2
What is (-5 - -9) + 3 + -10 + 4?
1
Calculate 2 + (5 - 6) + 2.
3
Evaluate 5 - (4 - 2 - -3).
0
Calculate -6 - -11 - (5 + -4).
4
(-3 - -5) + -5 + (1 - 0)
-2
What is the value of 1 - (-1 - 2) - (1 + 4)?
-1
Evaluate (0 - (8 - 13)) + -4.
1
Evaluate -1 + 0 - (10 - 7) - 2.
-6
(-4 - 0) + 1 + 0 + -2
-5
What is the value of (-5 - -15) + (1 - 14)?
-3
4 + -7 + (2 - 2 - -2)
-1
What is (1 - 2) + 8 + -6 + -1?
0
What is (4 - (-6 - (4 + -25))) + 4?
-7
Calculate 3 + (-5 - 0) - 3.
-5
What is 3 - (-6 - (-6 - 8))?
-5
(-9 - -3 - -5) + 6 + 3
8
What is 0 - 0 - ((-6 - -12) + -8)?
2
-6 + -3 - 6 - (-8 + 3)
-10
Calculate 2 - -2 - -1 - 1.
4
What is -1 + 1 + -1 - 4 - 0?
-5
Evaluate (4 - -4) + -11 - -7.
4
Evaluate (7 - 2) + -10 + 2.
-3
What is the value of 2 - 0 - (-2 + 4 + -1)?
1
Evaluate -2 - -10 - 6 - 5.
-3
Calculate 3 - (4 + 6 - 11).
4
What is the value of 1 - 6 - (-13 - -10)?
-2
Evaluate 9 - 1 - (-96 + 95).
9
What is (18 - 18) + (-3 - 1)?
-4
What is the value of -5 + 2 - 1 - -6 - -2?
4
What is (-10 + 5 + 1 - 7) + 5?
-6
-5 - -5 - (-1 - (-5 + 1))
-3
What is the value of -5 - (5 - 5) - (2 - 9)?
2
What is -4 + -2 + (5 - 11) + 14?
2
What is the value of -12 - (-16 - -9 - -4)?
-9
What is the value of 6 - (-9 + (2 - -6))?
7
What is 4 - ((0 - 2) + 2)?
4
What is the value of (-14 - -5) + (1 - -4)?
-4
Calculate -18 + (9 - -4) + (5 - 0).
0
Calculate -2 + (11 - 1) - 9.
-1
Calculate -1 + -1 + 2 - 1 - 5.
-6
Calculate -3 + 10 + -7 + 4.
4
-7 + (-2 + 5 - -1)
-3
Calculate -9 + (12 - (-5 - -9)).
-1
Calculate -4 - (-1 + 4 + -9 - -2).
0
What is 9 - (13 + -8 + 1)?
3
Evaluate -13 + (2 - (-23 - -13)).
-1
-2 - -2 - ((2 - -1) + -3)
0
What is (-4 - -8) + -1 + -8 + 1?
-4
Calculate (-2 - 6) + (-3 - -6).
-5
Evaluate -3 + (1 - (1 - 0) - -5).
2
What is the value of -9 + -2 - (8 + -12)?
-7
Evaluate (-52 - -36) + (-1 - -13).
-4
Calculate 1 - (1 - 0 - -1) - -5.
4
Calculate 6 + -5 + 1 - (-5 - -2).
5
-2 - (0 + (-4 - -2))
0
What is